{"id":12837,"date":"2024-12-05T23:36:52","date_gmt":"2024-12-05T23:36:52","guid":{"rendered":"https:\/\/fibronaval.cl\/?post_type=product&#038;p=12837"},"modified":"2024-12-05T23:36:52","modified_gmt":"2024-12-05T23:36:52","slug":"bomba-de-aceite-multimarca-para-motor","status":"publish","type":"product","link":"https:\/\/fibronaval.cl\/index.php\/product\/bomba-de-aceite-multimarca-para-motor\/","title":{"rendered":"BOMBA DE ACEITE MULTIMARCA PARA MOTOR"},"content":{"rendered":"<p>MARCA: EASTERNER<\/p>\n","protected":false},"excerpt":{"rendered":"<p>BOMBA DE ACEITE PARA TRANSMISI\u00d3N MANUAL &#8211; IDEAL PARA CAMBIO DE ACEITE DE PATA EN MOTORES FUERA DE BORDA.<br \/>\nCOMPATIBLE CON UNA AMPLIA GAMA DE MOTORES FUERA DE BORDA, INCLUYENDO MARCAS COMO MERCURY, MARINER, JOHNSON\/EVINRUDE, YAMAHA, SUZUKI, HONDA Y TODOS LOS MOTORES CON ROSCA DE 3\/8\u201d. SU DISE\u00d1O ROBUSTO Y F\u00c1CIL DE USAR FACILITA UN CAMBIO DE ACEITE LIMPIO Y EFICIENTE, ASEGURANDO EL MANTENIMIENTO \u00d3PTIMO DE LA TRANSMISI\u00d3N DE SU MOTOR.<\/p>\n","protected":false},"featured_media":12838,"comment_status":"open","ping_status":"closed","template":"","meta":[],"product_cat":[15],"product_tag":[],"class_list":{"0":"post-12837","1":"product","2":"type-product","3":"status-publish","4":"has-post-thumbnail","6":"product_cat-uncategorized","7":"description-off","9":"first","10":"instock","11":"shipping-taxable","12":"product-type-simple"},"_links":{"self":[{"href":"https:\/\/fibronaval.cl\/index.php\/wp-json\/wp\/v2\/product\/12837","targetHints":{"allow":["GET"]}}],"collection":[{"href":"https:\/\/fibronaval.cl\/index.php\/wp-json\/wp\/v2\/product"}],"about":[{"href":"https:\/\/fibronaval.cl\/index.php\/wp-json\/wp\/v2\/types\/product"}],"replies":[{"embeddable":true,"href":"https:\/\/fibronaval.cl\/index.php\/wp-json\/wp\/v2\/comments?post=12837"}],"wp:featuredmedia":[{"embeddable":true,"href":"https:\/\/fibronaval.cl\/index.php\/wp-json\/wp\/v2\/media\/12838"}],"wp:attachment":[{"href":"https:\/\/fibronaval.cl\/index.php\/wp-json\/wp\/v2\/media?parent=12837"}],"wp:term":[{"taxonomy":"product_cat","embeddable":true,"href":"https:\/\/fibronaval.cl\/index.php\/wp-json\/wp\/v2\/product_cat?post=12837"},{"taxonomy":"product_tag","embeddable":true,"href":"https:\/\/fibronaval.cl\/index.php\/wp-json\/wp\/v2\/product_tag?post=12837"}],"curies":[{"name":"wp","href":"https:\/\/api.w.org\/{rel}","templated":true}]}}