{"id":12839,"date":"2024-12-05T23:38:08","date_gmt":"2024-12-05T23:38:08","guid":{"rendered":"https:\/\/fibronaval.cl\/?post_type=product&#038;p=12839"},"modified":"2024-12-05T23:38:08","modified_gmt":"2024-12-05T23:38:08","slug":"compas-negro-con-luz-12v","status":"publish","type":"product","link":"https:\/\/fibronaval.cl\/index.php\/product\/compas-negro-con-luz-12v\/","title":{"rendered":"COMPAS NEGRO CON LUZ 12V"},"content":{"rendered":"<p>MARCA: GENERICA<br \/>\nPESO: 345G<br \/>\nLARGO: 14CM<br \/>\nANCHO: 11CM<\/p>\n","protected":false},"excerpt":{"rendered":"<p>COMPAS NEGRO CON LUZ, FABRICADO EN PL\u00c1STICO, INCLUYE UN CABLE PARA SU ILUMINACI\u00d3N, ASEGURANDO UN RENDIMIENTO EFICIENTE DURANTE LA NAVEGACI\u00d3N NOCTURNA.<\/p>\n","protected":false},"featured_media":12840,"comment_status":"open","ping_status":"closed","template":"","meta":[],"product_cat":[15],"product_tag":[],"class_list":{"0":"post-12839","1":"product","2":"type-product","3":"status-publish","4":"has-post-thumbnail","6":"product_cat-uncategorized","7":"description-off","9":"first","10":"instock","11":"shipping-taxable","12":"product-type-simple"},"_links":{"self":[{"href":"https:\/\/fibronaval.cl\/index.php\/wp-json\/wp\/v2\/product\/12839","targetHints":{"allow":["GET"]}}],"collection":[{"href":"https:\/\/fibronaval.cl\/index.php\/wp-json\/wp\/v2\/product"}],"about":[{"href":"https:\/\/fibronaval.cl\/index.php\/wp-json\/wp\/v2\/types\/product"}],"replies":[{"embeddable":true,"href":"https:\/\/fibronaval.cl\/index.php\/wp-json\/wp\/v2\/comments?post=12839"}],"wp:featuredmedia":[{"embeddable":true,"href":"https:\/\/fibronaval.cl\/index.php\/wp-json\/wp\/v2\/media\/12840"}],"wp:attachment":[{"href":"https:\/\/fibronaval.cl\/index.php\/wp-json\/wp\/v2\/media?parent=12839"}],"wp:term":[{"taxonomy":"product_cat","embeddable":true,"href":"https:\/\/fibronaval.cl\/index.php\/wp-json\/wp\/v2\/product_cat?post=12839"},{"taxonomy":"product_tag","embeddable":true,"href":"https:\/\/fibronaval.cl\/index.php\/wp-json\/wp\/v2\/product_tag?post=12839"}],"curies":[{"name":"wp","href":"https:\/\/api.w.org\/{rel}","templated":true}]}}