{"id":12845,"date":"2024-12-05T23:41:59","date_gmt":"2024-12-05T23:41:59","guid":{"rendered":"https:\/\/fibronaval.cl\/?post_type=product&#038;p=12845"},"modified":"2024-12-05T23:42:00","modified_gmt":"2024-12-05T23:42:00","slug":"luz-de-navegacion-modelo-3p","status":"publish","type":"product","link":"https:\/\/fibronaval.cl\/index.php\/product\/luz-de-navegacion-modelo-3p\/","title":{"rendered":"LUZ DE NAVEGACION MODELO 3P"},"content":{"rendered":"<p>LUZ BLANCA TODA HORIZONTE 360\u00b0<br \/>\nLUZ BLANCA TOPE 225\u00b0<br \/>\nLUZ BLANCA ESTELA 135\u00b0<br \/>\nLUZ ROJA BABOR 112.5\u00b0<br \/>\nLUZ VERDE ESTRIBAR 112.5\u00b0<br \/>\nLUZ ROJA TODA HORIZONTE 360\u00b0<\/p>\n<p>MARCA: GENERICO<br \/>\nPESO: 0.48KG VOLTAJE: 24 V<\/p>\n<p>&nbsp;<\/p>\n","protected":false},"excerpt":{"rendered":"<p>LINEA CHX &#8211; 3P APLICADO A BARCOS ESLORA MENORES A 12 MTS PARA NAVEGACI\u00d3N NOCTURNA APROBADO POR CCS Y EC CERTIFICACI\u00d3N, CONFORME A NORMAS INTERNACIONALES DE REGULACI\u00d3N EN PREVENCI\u00d3N DE COLISIONES EN EL MAR. (PRECIOS UNITARIOS).<\/p>\n","protected":false},"featured_media":12846,"comment_status":"open","ping_status":"closed","template":"","meta":[],"product_cat":[15],"product_tag":[],"class_list":{"0":"post-12845","1":"product","2":"type-product","3":"status-publish","4":"has-post-thumbnail","6":"product_cat-uncategorized","7":"description-off","9":"first","10":"instock","11":"shipping-taxable","12":"product-type-simple"},"_links":{"self":[{"href":"https:\/\/fibronaval.cl\/index.php\/wp-json\/wp\/v2\/product\/12845","targetHints":{"allow":["GET"]}}],"collection":[{"href":"https:\/\/fibronaval.cl\/index.php\/wp-json\/wp\/v2\/product"}],"about":[{"href":"https:\/\/fibronaval.cl\/index.php\/wp-json\/wp\/v2\/types\/product"}],"replies":[{"embeddable":true,"href":"https:\/\/fibronaval.cl\/index.php\/wp-json\/wp\/v2\/comments?post=12845"}],"wp:featuredmedia":[{"embeddable":true,"href":"https:\/\/fibronaval.cl\/index.php\/wp-json\/wp\/v2\/media\/12846"}],"wp:attachment":[{"href":"https:\/\/fibronaval.cl\/index.php\/wp-json\/wp\/v2\/media?parent=12845"}],"wp:term":[{"taxonomy":"product_cat","embeddable":true,"href":"https:\/\/fibronaval.cl\/index.php\/wp-json\/wp\/v2\/product_cat?post=12845"},{"taxonomy":"product_tag","embeddable":true,"href":"https:\/\/fibronaval.cl\/index.php\/wp-json\/wp\/v2\/product_tag?post=12845"}],"curies":[{"name":"wp","href":"https:\/\/api.w.org\/{rel}","templated":true}]}}